{"id":133,"date":"2022-03-10T14:08:31","date_gmt":"2022-03-10T13:08:31","guid":{"rendered":"http:\/\/archityp.pl\/?page_id=133"},"modified":"2024-09-19T12:54:21","modified_gmt":"2024-09-19T10:54:21","slug":"oferta","status":"publish","type":"page","link":"https:\/\/archityp.pl\/?page_id=133","title":{"rendered":"OFERTA"},"content":{"rendered":"<p>[et_pb_section fb_built=&#8221;1&#8243; admin_label=&#8221;section&#8221; module_id=&#8221;oferta&#8221; _builder_version=&#8221;3.19.5&#8243; background_image=&#8221;http:\/\/archityp.pl\/wp-content\/uploads\/2024\/09\/2-salon0100.jpg&#8221; background_position=&#8221;center_left&#8221; custom_padding=&#8221;0px|0px|0|0px|false|false&#8221;][et_pb_row custom_padding=&#8221;200px|0px|200px|0px|false|false&#8221; _builder_version=&#8221;3.19.5&#8243;][et_pb_column type=&#8221;4_4&#8243; _builder_version=&#8221;3.19.5&#8243; parallax=&#8221;off&#8221; parallax_method=&#8221;on&#8221;][et_pb_text _builder_version=&#8221;3.19.5&#8243; text_font=&#8221;||||||||&#8221; text_text_color=&#8221;#ffffff&#8221; text_font_size=&#8221;36px&#8221; text_letter_spacing=&#8221;5px&#8221; text_text_shadow_style=&#8221;preset3&#8243; header_font=&#8221;||||||||&#8221; text_orientation=&#8221;center&#8221;]<\/p>\n<p>ILE KOSZTUJE PROJEKT WN\u0118TRZ?<\/p>\n<p>[\/et_pb_text][\/et_pb_column][\/et_pb_row][\/et_pb_section][et_pb_section fb_built=&#8221;1&#8243; _builder_version=&#8221;3.19.5&#8243; background_color=&#8221;#3d687a&#8221;][et_pb_row custom_padding=&#8221;51px|100px|50px|100px|false|false&#8221; _builder_version=&#8221;3.19.5&#8243;][et_pb_column type=&#8221;4_4&#8243; _builder_version=&#8221;3.19.5&#8243; parallax=&#8221;off&#8221; parallax_method=&#8221;on&#8221;][et_pb_text _builder_version=&#8221;3.19.5&#8243; text_font=&#8221;||||||||&#8221; text_text_color=&#8221;#ffffff&#8221; text_letter_spacing=&#8221;3px&#8221; text_orientation=&#8221;center&#8221; max_width_last_edited=&#8221;off|desktop&#8221;]<\/p>\n<p style=\"text-align: center;\">Ze wzgl\u0119du na etapowo\u015b\u0107 procesu projektowego, mo\u017cliwo\u015b\u0107 okrojenia zakresu oraz r\u00f3\u017cnorodno\u015b\u0107 potrzeb i inwestycji nie da si\u0119 poda\u0107 sta\u0142ej ceny projektu za metr kwadratowy. Standardowo ceny mieszcz\u0105 si\u0119 w wide\u0142kach 45-220 z\u0142 za metr kwadratowy.<\/p>\n<p style=\"text-align: center;\">Ni\u017csza kwota obejmuje sam etap uk\u0142adu funkcjonalnego co w szczeg\u00f3lno\u015bci przy inwestycjach w stanie deweloperskim jest bardzo dobrym wyborem, poniewa\u017c umo\u017cliwia optymalizacj\u0119 uk\u0142adu \u015bcian i mebli na wczesnym etapie budowy i wprowadzenie zmian lokatorskich pod wybrany uk\u0142ad funkcjonalny.<\/p>\n<p style=\"text-align: center;\">Wy\u017csza kwota obejmuje projekt kompleksowy obejmuj\u0105cy wszystkie etapy projektowe, dob\u00f3r produkt\u00f3w i nadz\u00f3r autorski na inwestycji.<\/p>\n<p style=\"text-align: center;\">\n<p style=\"text-align: justify;\">\n<p>[\/et_pb_text][et_pb_button button_url=&#8221;http:\/\/archityp.pl\/?page_id=179&#8243; button_text=&#8221;ETAPY PROJEKTU&#8221; button_alignment=&#8221;center&#8221; _builder_version=&#8221;3.19.5&#8243; custom_button=&#8221;on&#8221; button_text_color=&#8221;#ffffff&#8221; button_bg_color=&#8221;rgba(255,255,255,0.23)&#8221; button_border_width=&#8221;0px&#8221; button_border_radius=&#8221;9px&#8221; button_letter_spacing=&#8221;6px&#8221; button_font=&#8221;|300|||||||&#8221; button_use_icon=&#8221;off&#8221; button_text_shadow_style=&#8221;preset3&#8243; box_shadow_style=&#8221;preset1&#8243; box_shadow_blur=&#8221;21px&#8221; box_shadow_spread=&#8221;-4px&#8221;][\/et_pb_button][\/et_pb_column][\/et_pb_row][\/et_pb_section]<\/p>\n","protected":false},"excerpt":{"rendered":"<p>[et_pb_section fb_built=&#8221;1&#8243; admin_label=&#8221;section&#8221; module_id=&#8221;oferta&#8221; _builder_version=&#8221;3.19.5&#8243; background_image=&#8221;http:\/\/archityp.pl\/wp-content\/uploads\/2024\/09\/2-salon0100.jpg&#8221; background_position=&#8221;center_left&#8221; custom_padding=&#8221;0px|0px|0|0px|false|false&#8221;][et_pb_row custom_padding=&#8221;200px|0px|200px|0px|false|false&#8221; _builder_version=&#8221;3.19.5&#8243;][et_pb_column type=&#8221;4_4&#8243; _builder_version=&#8221;3.19.5&#8243; parallax=&#8221;off&#8221; parallax_method=&#8221;on&#8221;][et_pb_text _builder_version=&#8221;3.19.5&#8243; text_font=&#8221;||||||||&#8221; text_text_color=&#8221;#ffffff&#8221; text_font_size=&#8221;36px&#8221; text_letter_spacing=&#8221;5px&#8221; text_text_shadow_style=&#8221;preset3&#8243; header_font=&#8221;||||||||&#8221; text_orientation=&#8221;center&#8221;] ILE KOSZTUJE PROJEKT WN\u0118TRZ? [\/et_pb_text][\/et_pb_column][\/et_pb_row][\/et_pb_section][et_pb_section fb_built=&#8221;1&#8243; _builder_version=&#8221;3.19.5&#8243; background_color=&#8221;#3d687a&#8221;][et_pb_row custom_padding=&#8221;51px|100px|50px|100px|false|false&#8221; _builder_version=&#8221;3.19.5&#8243;][et_pb_column type=&#8221;4_4&#8243; _builder_version=&#8221;3.19.5&#8243; parallax=&#8221;off&#8221; parallax_method=&#8221;on&#8221;][et_pb_text _builder_version=&#8221;3.19.5&#8243; text_font=&#8221;||||||||&#8221; text_text_color=&#8221;#ffffff&#8221; text_letter_spacing=&#8221;3px&#8221; text_orientation=&#8221;center&#8221; max_width_last_edited=&#8221;off|desktop&#8221;] Ze wzgl\u0119du na etapowo\u015b\u0107 procesu projektowego, mo\u017cliwo\u015b\u0107 okrojenia zakresu oraz r\u00f3\u017cnorodno\u015b\u0107 potrzeb i [&hellip;]<\/p>\n","protected":false},"author":1,"featured_media":0,"parent":0,"menu_order":0,"comment_status":"closed","ping_status":"closed","template":"","meta":{"_et_pb_use_builder":"on","_et_pb_old_content":"","footnotes":""},"_links":{"self":[{"href":"https:\/\/archityp.pl\/index.php?rest_route=\/wp\/v2\/pages\/133"}],"collection":[{"href":"https:\/\/archityp.pl\/index.php?rest_route=\/wp\/v2\/pages"}],"about":[{"href":"https:\/\/archityp.pl\/index.php?rest_route=\/wp\/v2\/types\/page"}],"author":[{"embeddable":true,"href":"https:\/\/archityp.pl\/index.php?rest_route=\/wp\/v2\/users\/1"}],"replies":[{"embeddable":true,"href":"https:\/\/archityp.pl\/index.php?rest_route=%2Fwp%2Fv2%2Fcomments&post=133"}],"version-history":[{"count":18,"href":"https:\/\/archityp.pl\/index.php?rest_route=\/wp\/v2\/pages\/133\/revisions"}],"predecessor-version":[{"id":557,"href":"https:\/\/archityp.pl\/index.php?rest_route=\/wp\/v2\/pages\/133\/revisions\/557"}],"wp:attachment":[{"href":"https:\/\/archityp.pl\/index.php?rest_route=%2Fwp%2Fv2%2Fmedia&parent=133"}],"curies":[{"name":"wp","href":"https:\/\/api.w.org\/{rel}","templated":true}]}}